{"id":2041,"date":"2014-12-30T22:21:39","date_gmt":"2014-12-30T22:21:39","guid":{"rendered":"http:\/\/127.0.0.1:8887\/?page_id=2041"},"modified":"2015-05-18T23:38:38","modified_gmt":"2015-05-18T22:38:38","slug":"metody-vyuky","status":"publish","type":"page","link":"https:\/\/www.gymhorice.cz\/?page_id=2041","title":{"rendered":"Metody v\u00fduky"},"content":{"rendered":"<p>Pro napln\u011bn\u00ed na\u0161eho z\u00e1m\u011bru (viz <a href=\"http:\/\/www.gymhorice.cz\/?page_id=2045\">Filosofie \u0161koly<\/a>) vyu\u017e\u00edv\u00e1me r\u016fzn\u00e9 formy vyu\u010dov\u00e1n\u00ed a&nbsp;mimo\u0161koln\u00edch dopl\u0148uj\u00edc\u00edch aktivit, nap\u0159\u00edklad:<\/p>\n<ul class=\"oddil-li znak1\">\n<li>\u0161kola v&nbsp;p\u0159\u00edrod\u011b<\/li>\n<li>lektorsk\u00e1 praxe<\/li>\n<li>individu\u00e1ln\u00ed i&nbsp;skupinov\u00e1 pr\u00e1ce<\/li>\n<li>mezip\u0159edm\u011btov\u00e1 v\u00fduka<\/li>\n<li>praktick\u00e9 \u010dinnosti v&nbsp;ter\u00e9nu<\/li>\n<li>projekty<\/li>\n<li>tematick\u00e9 a&nbsp;sportovn\u00ed kurzy<\/li>\n<li>exkurze<\/li>\n<li>expedice<\/li>\n<li>dru\u017eebn\u00ed akce<\/li>\n<\/ul>\n","protected":false},"excerpt":{"rendered":"<p>Pro napln\u011bn\u00ed na\u0161eho z\u00e1m\u011bru (viz Filosofie \u0161koly) vyu\u017e\u00edv\u00e1me r\u016fzn\u00e9 formy vyu\u010dov\u00e1n\u00ed a&nbsp;mimo\u0161koln\u00edch dopl\u0148uj\u00edc\u00edch aktivit, nap\u0159\u00edklad: \u0161kola v&nbsp;p\u0159\u00edrod\u011b lektorsk\u00e1 praxe individu\u00e1ln\u00ed i&nbsp;skupinov\u00e1 pr\u00e1ce mezip\u0159edm\u011btov\u00e1 v\u00fduka praktick\u00e9 \u010dinnosti v&nbsp;ter\u00e9nu projekty tematick\u00e9 a&nbsp;sportovn\u00ed kurzy exkurze expedice dru\u017eebn\u00ed akce<\/p>\n","protected":false},"author":1,"featured_media":0,"parent":0,"menu_order":0,"comment_status":"closed","ping_status":"closed","template":"","meta":{"ngg_post_thumbnail":0,"footnotes":""},"class_list":["post-2041","page","type-page","status-publish"],"_links":{"self":[{"href":"https:\/\/www.gymhorice.cz\/index.php?rest_route=\/wp\/v2\/pages\/2041","targetHints":{"allow":["GET"]}}],"collection":[{"href":"https:\/\/www.gymhorice.cz\/index.php?rest_route=\/wp\/v2\/pages"}],"about":[{"href":"https:\/\/www.gymhorice.cz\/index.php?rest_route=\/wp\/v2\/types\/page"}],"author":[{"embeddable":true,"href":"https:\/\/www.gymhorice.cz\/index.php?rest_route=\/wp\/v2\/users\/1"}],"replies":[{"embeddable":true,"href":"https:\/\/www.gymhorice.cz\/index.php?rest_route=%2Fwp%2Fv2%2Fcomments&post=2041"}],"version-history":[{"count":1,"href":"https:\/\/www.gymhorice.cz\/index.php?rest_route=\/wp\/v2\/pages\/2041\/revisions"}],"predecessor-version":[{"id":2249,"href":"https:\/\/www.gymhorice.cz\/index.php?rest_route=\/wp\/v2\/pages\/2041\/revisions\/2249"}],"wp:attachment":[{"href":"https:\/\/www.gymhorice.cz\/index.php?rest_route=%2Fwp%2Fv2%2Fmedia&parent=2041"}],"curies":[{"name":"wp","href":"https:\/\/api.w.org\/{rel}","templated":true}]}}