{"id":13446,"date":"2020-11-07T11:14:24","date_gmt":"2020-11-07T10:14:24","guid":{"rendered":"http:\/\/www.gymhorice.cz\/?page_id=13446"},"modified":"2022-12-14T11:51:40","modified_gmt":"2022-12-14T10:51:40","slug":"publicita-projektu-sponzori","status":"publish","type":"page","link":"https:\/\/www.gymhorice.cz\/?page_id=13446","title":{"rendered":"Publicita projekt\u016f, na\u0161i sponzo\u0159i"},"content":{"rendered":"<div><img loading=\"lazy\" decoding=\"async\" class=\"alignleft size-full wp-image-15469\" src=\"http:\/\/www.gymhorice.cz\/wp-content\/uploads\/2022\/12\/Vyzva-web-504x330-1.jpg\" alt=\"\" width=\"504\" height=\"330\" srcset=\"https:\/\/www.gymhorice.cz\/wp-content\/uploads\/2022\/12\/Vyzva-web-504x330-1.jpg 504w, https:\/\/www.gymhorice.cz\/wp-content\/uploads\/2022\/12\/Vyzva-web-504x330-1-300x196.jpg 300w, https:\/\/www.gymhorice.cz\/wp-content\/uploads\/2022\/12\/Vyzva-web-504x330-1-400x262.jpg 400w, https:\/\/www.gymhorice.cz\/wp-content\/uploads\/2022\/12\/Vyzva-web-504x330-1-200x131.jpg 200w\" sizes=\"auto, (max-width: 504px) 100vw, 504px\" \/><\/div>\n<div>&nbsp;<\/div>\n<hr style=\"width: 100%;\">\n<p><img loading=\"lazy\" decoding=\"async\" class=\"alignleft size-full wp-image-15334\" src=\"http:\/\/www.gymhorice.cz\/wp-content\/uploads\/2022\/11\/Projekt-sablony-2022.png\" alt=\"\" width=\"504\" height=\"330\" srcset=\"https:\/\/www.gymhorice.cz\/wp-content\/uploads\/2022\/11\/Projekt-sablony-2022.png 504w, https:\/\/www.gymhorice.cz\/wp-content\/uploads\/2022\/11\/Projekt-sablony-2022-300x196.png 300w, https:\/\/www.gymhorice.cz\/wp-content\/uploads\/2022\/11\/Projekt-sablony-2022-400x262.png 400w, https:\/\/www.gymhorice.cz\/wp-content\/uploads\/2022\/11\/Projekt-sablony-2022-200x131.png 200w\" sizes=\"auto, (max-width: 504px) 100vw, 504px\" \/><\/p>\n<div>&nbsp;<\/div>\n<div>&nbsp;<\/div>\n<hr style=\"width: 100%;\">\n<p><img loading=\"lazy\" decoding=\"async\" class=\"alignnone wp-image-13125 size-full\" src=\"http:\/\/www.gymhorice.cz\/wp-content\/uploads\/2020\/10\/Projekt-techambition-2020.png\" alt=\"Inovace ve vzd\u011bl\u00e1n\u00ed\" width=\"504\" height=\"330\" srcset=\"https:\/\/www.gymhorice.cz\/wp-content\/uploads\/2020\/10\/Projekt-techambition-2020.png 504w, https:\/\/www.gymhorice.cz\/wp-content\/uploads\/2020\/10\/Projekt-techambition-2020-300x196.png 300w, https:\/\/www.gymhorice.cz\/wp-content\/uploads\/2020\/10\/Projekt-techambition-2020-400x262.png 400w, https:\/\/www.gymhorice.cz\/wp-content\/uploads\/2020\/10\/Projekt-techambition-2020-200x131.png 200w\" sizes=\"auto, (max-width: 504px) 100vw, 504px\" \/><\/p>\n<hr>\n<p><img loading=\"lazy\" decoding=\"async\" class=\"alignnone wp-image-13124 size-full\" src=\"http:\/\/www.gymhorice.cz\/wp-content\/uploads\/2020\/10\/Sablony-II-publicita.png\" alt=\"Zlep\u0161en\u00ed kvality vzd\u011bl\u00e1v\u00e1n\u00ed\" width=\"504\" height=\"341\" srcset=\"https:\/\/www.gymhorice.cz\/wp-content\/uploads\/2020\/10\/Sablony-II-publicita.png 504w, https:\/\/www.gymhorice.cz\/wp-content\/uploads\/2020\/10\/Sablony-II-publicita-296x200.png 296w, https:\/\/www.gymhorice.cz\/wp-content\/uploads\/2020\/10\/Sablony-II-publicita-400x271.png 400w, https:\/\/www.gymhorice.cz\/wp-content\/uploads\/2020\/10\/Sablony-II-publicita-197x133.png 197w\" sizes=\"auto, (max-width: 504px) 100vw, 504px\" \/><\/p>\n<hr>\n<p><img loading=\"lazy\" decoding=\"async\" class=\"alignnone wp-image-10074 size-full\" src=\"http:\/\/www.gymhorice.cz\/wp-content\/uploads\/2018\/07\/2017-10-dofe-logo.jpg\" alt=\"Projekt DoFE\" width=\"504\" height=\"230\" srcset=\"https:\/\/www.gymhorice.cz\/wp-content\/uploads\/2018\/07\/2017-10-dofe-logo.jpg 504w, https:\/\/www.gymhorice.cz\/wp-content\/uploads\/2018\/07\/2017-10-dofe-logo-200x91.jpg 200w, https:\/\/www.gymhorice.cz\/wp-content\/uploads\/2018\/07\/2017-10-dofe-logo-300x137.jpg 300w, https:\/\/www.gymhorice.cz\/wp-content\/uploads\/2018\/07\/2017-10-dofe-logo-400x183.jpg 400w\" sizes=\"auto, (max-width: 504px) 100vw, 504px\" \/><\/p>\n<hr>\n<p><img loading=\"lazy\" decoding=\"async\" class=\"alignnone wp-image-5296 size-full\" src=\"http:\/\/www.gymhorice.cz\/wp-content\/uploads\/2016\/08\/Projekt-polytechnika-2016.png\" alt=\"Projekt Hands-on co si vyzkou\u0161\u00edm, nezapomenu\" width=\"504\" height=\"320\" srcset=\"https:\/\/www.gymhorice.cz\/wp-content\/uploads\/2016\/08\/Projekt-polytechnika-2016.png 504w, https:\/\/www.gymhorice.cz\/wp-content\/uploads\/2016\/08\/Projekt-polytechnika-2016-200x127.png 200w, https:\/\/www.gymhorice.cz\/wp-content\/uploads\/2016\/08\/Projekt-polytechnika-2016-300x190.png 300w, https:\/\/www.gymhorice.cz\/wp-content\/uploads\/2016\/08\/Projekt-polytechnika-2016-400x254.png 400w\" sizes=\"auto, (max-width: 504px) 100vw, 504px\" \/><\/p>\n<hr>\n<p><img loading=\"lazy\" decoding=\"async\" class=\"alignnone wp-image-5232 size-full\" src=\"http:\/\/www.gymhorice.cz\/wp-content\/uploads\/2016\/06\/Projekt-SUZ-2016.png\" alt=\"Projekt \u0160kola pro udr\u017eiteln\u00fd \u017eivot\" width=\"504\" height=\"240\" srcset=\"https:\/\/www.gymhorice.cz\/wp-content\/uploads\/2016\/06\/Projekt-SUZ-2016.png 504w, https:\/\/www.gymhorice.cz\/wp-content\/uploads\/2016\/06\/Projekt-SUZ-2016-200x95.png 200w, https:\/\/www.gymhorice.cz\/wp-content\/uploads\/2016\/06\/Projekt-SUZ-2016-300x143.png 300w, https:\/\/www.gymhorice.cz\/wp-content\/uploads\/2016\/06\/Projekt-SUZ-2016-400x190.png 400w\" sizes=\"auto, (max-width: 504px) 100vw, 504px\" \/><\/p>\n<hr>\n<p><img loading=\"lazy\" decoding=\"async\" class=\"alignnone wp-image-3949 size-full\" src=\"http:\/\/www.gymhorice.cz\/wp-content\/uploads\/2015\/09\/Vyzva56-zprava-web.png\" alt=\"Projekt Vzd\u011bl\u00e1v\u00e1n\u00ed pro konkurenceschopnost\" width=\"504\" height=\"318\" srcset=\"https:\/\/www.gymhorice.cz\/wp-content\/uploads\/2015\/09\/Vyzva56-zprava-web.png 504w, https:\/\/www.gymhorice.cz\/wp-content\/uploads\/2015\/09\/Vyzva56-zprava-web-200x126.png 200w, https:\/\/www.gymhorice.cz\/wp-content\/uploads\/2015\/09\/Vyzva56-zprava-web-300x189.png 300w, https:\/\/www.gymhorice.cz\/wp-content\/uploads\/2015\/09\/Vyzva56-zprava-web-400x252.png 400w\" sizes=\"auto, (max-width: 504px) 100vw, 504px\" \/><\/p>\n<hr>\n<p><img loading=\"lazy\" decoding=\"async\" class=\"alignnone size-full wp-image-14401\" src=\"http:\/\/www.gymhorice.cz\/wp-content\/uploads\/2021\/12\/Projekt-mistri-kolegialni-podpory1.jpg\" alt=\"Projekt Mist\u0159i kolegi\u00e1ln\u00ed podpory v oblasti p\u0159\u00edrodov\u011bdn\u00e9 gramotnosti\" width=\"504\" height=\"341\" srcset=\"https:\/\/www.gymhorice.cz\/wp-content\/uploads\/2021\/12\/Projekt-mistri-kolegialni-podpory1.jpg 504w, https:\/\/www.gymhorice.cz\/wp-content\/uploads\/2021\/12\/Projekt-mistri-kolegialni-podpory1-296x200.jpg 296w, https:\/\/www.gymhorice.cz\/wp-content\/uploads\/2021\/12\/Projekt-mistri-kolegialni-podpory1-400x271.jpg 400w, https:\/\/www.gymhorice.cz\/wp-content\/uploads\/2021\/12\/Projekt-mistri-kolegialni-podpory1-197x133.jpg 197w\" sizes=\"auto, (max-width: 504px) 100vw, 504px\" \/><\/p>\n<hr>\n<div  class=\"lgc-column lgc-grid-parent lgc-grid-25 lgc-tablet-grid-25 lgc-mobile-grid-50 lgc-equal-heights \"><div  class=\"inside-grid-column\"><br \/>\n<img loading=\"lazy\" decoding=\"async\" class=\"wp-image-2209 size-full\" title=\"Poskytovatel internetu FastLink\" src=\"http:\/\/www.gymhorice.cz\/wp-content\/uploads\/2015\/02\/sponzor01.png\" alt=\"Sponzor\" width=\"135\" height=\"110\"\/><br \/>\n<img loading=\"lazy\" decoding=\"async\" class=\"alignnone wp-image-3858 size-full\" title=\"V\u00fdvoj chytr\u00fdch mobiln\u00edch aplikac\u00ed\" src=\"http:\/\/www.gymhorice.cz\/wp-content\/uploads\/2015\/09\/sponzor-tappy-taps.png\" alt=\"Sponzor\" width=\"135\" height=\"110\"\/><br \/>\n<img loading=\"lazy\" decoding=\"async\" class=\"alignnone wp-image-2640 size-full\" title=\"Auto\u0161kola Lejsek\" src=\"http:\/\/www.gymhorice.cz\/wp-content\/uploads\/2015\/06\/sponzor-lejsek1.png\" alt=\"Sponzor\" width=\"135\" height=\"110\"\/><br \/>\n<\/div><\/div>\n<div  class=\"lgc-column lgc-grid-parent lgc-grid-25 lgc-tablet-grid-25 lgc-mobile-grid-50 lgc-equal-heights \"><div  class=\"inside-grid-column\"><br \/>\n<img loading=\"lazy\" decoding=\"async\" class=\"alignnone wp-image-3775 size-full\" title=\"Reklamn\u00ed tvorba Amok Ho\u0159ice\" src=\"http:\/\/www.gymhorice.cz\/wp-content\/uploads\/2015\/08\/sponzor-amok4.png\" alt=\"Sponzor\" width=\"135\" height=\"110\"\/><br \/>\n<img loading=\"lazy\" decoding=\"async\" class=\"alignnone wp-image-3774 size-full\" title=\"Kubi\u0161tovy ho\u0159ick\u00e9 trubi\u010dky\" src=\"http:\/\/www.gymhorice.cz\/wp-content\/uploads\/2015\/08\/sponzor-kubistovy-trubicky4.png\" alt=\"Sponzor\" width=\"135\" height=\"110\"\/><br \/>\n<img loading=\"lazy\" decoding=\"async\" class=\"alignnone wp-image-2663 size-full\" title=\"Alarm JK - zabezpe\u010den\u00ed Jan Krement\u00e1k\" src=\"http:\/\/www.gymhorice.cz\/wp-content\/uploads\/2015\/06\/sponzor-krementak-jan1.png\" alt=\"Sponzor\" width=\"135\" height=\"110\"\/><br \/>\n<\/div><\/div>\n<div  class=\"lgc-column lgc-grid-parent lgc-grid-25 lgc-tablet-grid-25 lgc-mobile-grid-50 lgc-equal-heights \"><div  class=\"inside-grid-column\"><br \/>\n<img loading=\"lazy\" decoding=\"async\" class=\"alignnone wp-image-5285 size-full\" title=\"Zdrav\u00e1 l\u00e1hev - M\u011bd\u00edlek \u017dacl\u00e9\u0159\" src=\"http:\/\/www.gymhorice.cz\/wp-content\/uploads\/2016\/07\/sponzor-medilek-135x110.png\" alt=\"Sponzor\" width=\"135\" height=\"110\"\/><br \/>\n<img loading=\"lazy\" decoding=\"async\" class=\"alignnone wp-image-2682 size-full\" title=\"Mileta\" src=\"http:\/\/www.gymhorice.cz\/wp-content\/uploads\/2015\/07\/sponzor-mileta.png\" alt=\"Sponzor\" width=\"135\" height=\"110\"\/><br \/>\n<img loading=\"lazy\" decoding=\"async\" class=\"alignnone wp-image-5668 size-full\" title=\"V\u0161e z ak\u00e1tu\" src=\"http:\/\/www.gymhorice.cz\/wp-content\/uploads\/2016\/09\/sponzor-vsezakatu.png\" alt=\"Sponzor\" width=\"135\" height=\"110\"\/><br \/>\n<\/div><\/div>\n","protected":false},"excerpt":{"rendered":"<p>&nbsp; &nbsp; &nbsp;<\/p>\n","protected":false},"author":1,"featured_media":0,"parent":0,"menu_order":0,"comment_status":"closed","ping_status":"closed","template":"","meta":{"ngg_post_thumbnail":0,"footnotes":""},"class_list":["post-13446","page","type-page","status-publish"],"_links":{"self":[{"href":"https:\/\/www.gymhorice.cz\/index.php?rest_route=\/wp\/v2\/pages\/13446","targetHints":{"allow":["GET"]}}],"collection":[{"href":"https:\/\/www.gymhorice.cz\/index.php?rest_route=\/wp\/v2\/pages"}],"about":[{"href":"https:\/\/www.gymhorice.cz\/index.php?rest_route=\/wp\/v2\/types\/page"}],"author":[{"embeddable":true,"href":"https:\/\/www.gymhorice.cz\/index.php?rest_route=\/wp\/v2\/users\/1"}],"replies":[{"embeddable":true,"href":"https:\/\/www.gymhorice.cz\/index.php?rest_route=%2Fwp%2Fv2%2Fcomments&post=13446"}],"version-history":[{"count":23,"href":"https:\/\/www.gymhorice.cz\/index.php?rest_route=\/wp\/v2\/pages\/13446\/revisions"}],"predecessor-version":[{"id":15470,"href":"https:\/\/www.gymhorice.cz\/index.php?rest_route=\/wp\/v2\/pages\/13446\/revisions\/15470"}],"wp:attachment":[{"href":"https:\/\/www.gymhorice.cz\/index.php?rest_route=%2Fwp%2Fv2%2Fmedia&parent=13446"}],"curies":[{"name":"wp","href":"https:\/\/api.w.org\/{rel}","templated":true}]}}