{"id":13229,"date":"2020-10-29T18:27:05","date_gmt":"2020-10-29T17:27:05","guid":{"rendered":"http:\/\/www.gymhorice.cz\/?page_id=13229"},"modified":"2025-10-17T09:37:09","modified_gmt":"2025-10-17T08:37:09","slug":"dokumenty-skoly","status":"publish","type":"page","link":"https:\/\/www.gymhorice.cz\/?page_id=13229","title":{"rendered":"Dokumenty \u0161koly"},"content":{"rendered":"<div>&nbsp;<\/div>\n<p><!-- <strong>Dokumenty ke sta\u017een\u00ed<\/strong> --><\/p>\n<ul class=\"znak2\">\n<li><a title=\"\" href=\"..\/files\/doc\/2023-2024\/2023-12-smlouva o studiu.docx\" target=\"_blank\" rel=\"noopener noreferrer\">Smlouva o&nbsp;studiu<\/a> &nbsp;(verze prosinec 2023)<\/li>\n<li><a title=\"\" href=\"..\/files\/doc\/2023-2024\/2023-zadost-prestup-z-jine-skoly-do-18-let.docx\">\u017d\u00e1dost o&nbsp;p\u0159estup na na\u0161i \u0161kolu &#8211; mlad\u0161\u00ed 18 let <\/a><\/li>\n<li><a title=\"\" href=\"..\/files\/doc\/2023-2024\/2023-zadost-prestup-z-jine-skoly-nad-18-let.docx\">\u017d\u00e1dost o&nbsp;p\u0159estup na na\u0161i \u0161kolu &#8211; star\u0161\u00ed 18 let <\/a><\/li>\n<li><a title=\"\" href=\"..\/files\/doc\/2015\/2015-zadost-studium.rtf\">\u017d\u00e1dost o&nbsp;studium &#8211; mlad\u0161\u00ed 18 let <\/a><\/li>\n<li><a title=\"\" href=\"..\/files\/doc\/2015\/2015-zadost-studium-starsi-18-let.rtf\">\u017d\u00e1dost o&nbsp;studium &#8211; star\u0161\u00ed 18 let <\/a><\/li>\n<li><a title=\"\" href=\"..\/files\/doc\/2017\/Zadost-o-uvolneni-z-tv-do-18-let.docx\">\u017d\u00e1dost o&nbsp;uvoln\u011bn\u00ed z&nbsp;v\u00fduky t\u011blesn\u00e9 v\u00fdchovy &#8211; mlad\u0161\u00ed 18 let<\/a><\/li>\n<li><a title=\"\" href=\"..\/files\/doc\/2017\/Zadost-o-uvolneni-z-tv-nad-18-let.docx\">\u017d\u00e1dost o&nbsp;uvoln\u011bn\u00ed z&nbsp;v\u00fduky t\u011blesn\u00e9 v\u00fdchovy &#8211; star\u0161\u00ed 18 let<\/a><\/li>\n<li><a title=\"\" href=\"..\/files\/doc\/2023-2024\/2023-zadost-o-uvolneni-z-vyuky.docx\">\u017d\u00e1dost o&nbsp;uvoln\u011bn\u00ed z&nbsp;v\u00fduky<\/a><\/li>\n<li><a title=\"\" href=\"..\/files\/doc\/2023-2024\/2023-preruseni studia.docx\">\u017d\u00e1dost o&nbsp;p\u0159eru\u0161en\u00ed studia<\/a><\/li>\n<li><a title=\"\" href=\"..\/files\/doc\/2017\/2017-oznameni-ukonceni-studia.docx\">Ozn\u00e1men\u00ed o&nbsp;ukon\u010den\u00ed studia<\/a><\/li>\n<li><a title=\"\" href=\"..\/files\/doc\/2025-2026\/PLPP-do-18-let.docx\" target=\"_blank\" rel=\"noopener noreferrer\">\u017d\u00e1dost o&nbsp;sestaven\u00ed pl\u00e1nu pedagogick\u00e9 podpory (PLPP) &#8211; do 18 let<\/a><\/li>\n<li><a title=\"\" href=\"..\/files\/doc\/2025-2026\/PLPP-nad-18-let.docx\" target=\"_blank\" rel=\"noopener noreferrer\">\u017d\u00e1dost o&nbsp;sestaven\u00ed pl\u00e1nu pedagogick\u00e9 podpory (PLPP) &#8211; nad 18 let<\/a><\/li>\n<\/ul>\n<div>&nbsp;<\/div>\n<ul class=\"znak2\">\n<li><a title=\"\" href=\"..\/files\/doc\/2024-2025\/2024-2025-skolni-rad-verze1-tisk.docx\" target=\"_blank\" rel=\"noopener noreferrer\">\u0160koln\u00ed \u0159\u00e1d &#8211; \u0161koln\u00ed rok 2024\/2025<\/a>&nbsp;<\/li>\n<li><a title=\"\" href=\"..\/files\/doc\/2021-2022\/2021-2022-ucebni-plan.docx\">U\u010debn\u00ed pl\u00e1n &#8211; \u0161koln\u00ed rok 2021\/2022<\/a><\/li>\n<li><a title=\"\" href=\"..\/files\/doc\/2025-2026\/2025_10-vyrocni_zprava.pdf\">V\u00fdro\u010dn\u00ed zpr\u00e1va &#8211; \u0161koln\u00ed rok 2024\/2025<\/a><\/li>\n<\/ul>\n<div>&nbsp;<\/div>\n<p><strong>\u0160koln\u00ed vzd\u011bl\u00e1vac\u00ed program (\u0160VP)<\/strong> &#8211; \u0160kola pro \u017eivot<\/p>\n<ul class=\"znak2\">\n<li><a title=\"\" href=\"\/files\/svp\/2021-2022-svp.docx\" target=\"_blank\" rel=\"noopener noreferrer\">\u0160VP 2021-2022 (hlavn\u00ed dokument)<\/a><\/li>\n<li><a title=\"\" href=\"\/files\/svp\/2021-2022-priloha-volitelne-3.docx\" target=\"_blank\" rel=\"noopener noreferrer\">\u0160VP, p\u0159\u00edloha 3 &#8211; voliteln\u00e9 p\u0159edm\u011bty v&nbsp;3.&nbsp;ro\u010dn\u00edku<\/a><\/li>\n<li><a title=\"\" href=\"\/files\/svp\/2021-2022-priloha-volitelne-4.docx\" target=\"_blank\" rel=\"noopener noreferrer\">\u0160VP, p\u0159\u00edloha 5 &#8211; voliteln\u00e9 p\u0159edm\u011bty v&nbsp;4.&nbsp;ro\u010dn\u00edku<\/a><\/li>\n<li><a title=\"\" href=\"\/files\/svp\/2019-2020-priloha-8-osobnostni-vychova.docx\" target=\"_blank\" rel=\"noopener noreferrer\">\u0160VP, p\u0159\u00edloha 8 &#8211; osobnostn\u00ed v\u00fdchova<\/a><\/li>\n<li><a title=\"\" href=\"\/files\/svp\/2021-2022-priloha-zmeny.docx\" target=\"_blank\" rel=\"noopener noreferrer\">\u0160VP, p\u0159\u00edloha &#8211; zm\u011bny 2021-2022<\/a><\/li>\n<li><a title=\"\" href=\"\/files\/svp\/2021-2022-ucebni-plan.docx\" target=\"_blank\" rel=\"noopener noreferrer\">U\u010debn\u00ed pl\u00e1n <\/a><\/li>\n<\/ul>\n<p><!--\n\n\n<ul class=\"znak2\">\n \t\n\n<li><a href=\"http:\/\/www.gymhorice.cz\/files\/doc\/2019-2020\/ucebnice-2019-2020.doc\" target=\"_blank\" rel=\"noopener noreferrer\">Seznam u\u010debnic - \u0161koln\u00ed rok 2019\/2020<\/a><\/li>\n\n\n \t\n\n<li><a title=\"\" href=\"http:\/\/www.gymhorice.cz\/files\/svp\/svp_2017_2018.docx\">\u0160VP (hlavn\u00ed dokument)<\/a><\/li>\n\n\n \t\n\n<li><a title=\"\" href=\"http:\/\/www.gymhorice.cz\/files\/svp\/01-priloha-2015-2016.docx\">\u0160VP (p\u0159\u00edloha 1)<\/a><\/li>\n\n\n \t\n\n<li><a title=\"\" href=\"http:\/\/www.gymhorice.cz\/files\/svp\/02-priloha-skolni-rad.docx\">\u0160VP (p\u0159\u00edloha 2)<\/a><\/li>\n\n\n \t\n\n<li><a title=\"\" href=\"http:\/\/www.gymhorice.cz\/files\/svp\/03-priloha-volitelne-3.docx\">\u0160VP (p\u0159\u00edloha 3)<\/a><\/li>\n\n\n \t\n\n<li><a title=\"\" href=\"http:\/\/www.gymhorice.cz\/files\/svp\/04-priloha-2016-2017.docx\">\u0160VP (p\u0159\u00edloha 4)<\/a><\/li>\n\n\n \t\n\n<li><a title=\"\" href=\"http:\/\/www.gymhorice.cz\/files\/svp\/05-priloha-volitelne-4.docx\">\u0160VP (p\u0159\u00edloha 5)<\/a><\/li>\n\n\n \t\n\n<li><a title=\"\" href=\"http:\/\/www.gymhorice.cz\/files\/svp\/06-uprava-stud-rezimu.docx\">\u0160VP (p\u0159\u00edloha 6)<\/a><\/li>\n\n\n \t\n\n<li><a title=\"\" href=\"http:\/\/www.gymhorice.cz\/files\/svp\/07-priloha-2017-2018.docx\">\u0160VP (p\u0159\u00edloha 7)<\/a><\/li>\n\n\n \t\n\n<li><a title=\"\" href=\"http:\/\/www.gymhorice.cz\/files\/svp\/08-priloha-2019-2020.pdf\" target=\"_blank\" rel=\"noopener noreferrer\">\u0160VP (p\u0159\u00edloha 8) PDF<\/a><\/li>\n\n\n \t\n\n<li><a title=\"\" href=\"http:\/\/www.gymhorice.cz\/files\/svp\/2019-2020-ucebni-plan.xls\">U\u010debn\u00ed pl\u00e1n - \u0161koln\u00ed rok 2019\/2020<\/a><\/li>\n\n\n<\/ul>\n\n\n--><\/p>\n<div>&nbsp;<\/div>\n<ul class=\"znak2\">\n<li><a title=\"\" href=\"..\/files\/doc\/2021-2022\/2022-07-18-zadost-prijeti-vyssi-rocnik-UA.docx\" target=\"_blank\" rel=\"noopener noreferrer\">\u017d\u00e1dost o&nbsp;p\u0159ijet\u00ed do vy\u0161\u0161\u00edho ro\u010dn\u00edku pro studenty z&nbsp;Ukrajiny<\/a>&nbsp;&nbsp;<span class=\"modra\"><strong>Ukrajina (18.&nbsp;7.&nbsp;2022)<\/strong><\/span><\/li>\n<\/ul>\n<p><!--\n\n\n<ul class=\"znak2\">\n \t\n\n<li><a title=\"\" href=\"http:\/\/www.gymhorice.cz\/files\/pdf\/2019-2020\/2020-04-27-hodnoceni-2-pololeti.pdf\" target=\"_blank\" rel=\"noopener noreferrer\">Vyhl\u00e1\u0161ka 211\/2020 Sb. o&nbsp;hodnocen\u00ed v\u00fdsledk\u016f vzd\u011bl\u00e1v\u00e1n\u00ed \u017e\u00e1k\u016f ve druh\u00e9m pololet\u00ed \u0161koln\u00edho roku 2019\/2020<\/a>(PDF)<\/li>\n\n\n \t\n\n<li><a title=\"\" href=\"http:\/\/www.gymhorice.cz\/files\/pdf\/2019-2020\/2020-04-27-hodnoceni-2-pololeti-metodika.pdf\" target=\"_blank\" rel=\"noopener noreferrer\">Metodika pro hodnocen\u00ed v\u00fdsledk\u016f vzd\u011bl\u00e1v\u00e1n\u00ed \u017e\u00e1k\u016f ve druh\u00e9m pololet\u00ed \u0161koln\u00edho roku 2019\/2020<\/a>(PDF)<\/li>\n\n\n \t\n\n<li><a title=\"\" href=\"http:\/\/www.gymhorice.cz\/files\/pdf\/2020-2021\/2020-08-25-manual_k_provozu_skol_doplneni.pdf\" target=\"_blank\" rel=\"noopener noreferrer\">Provoz \u0161kol a&nbsp;\u0161kolsk\u00fdch za\u0159\u00edzen\u00ed v&nbsp;roce 2020\/2021 vzhledem ke Covid-19<\/a>(PDF)<\/li>\n\n\n<\/ul>\n\n\n--><\/p>\n","protected":false},"excerpt":{"rendered":"<p>&nbsp; Smlouva o&nbsp;studiu &nbsp;(verze prosinec 2023) \u017d\u00e1dost o&nbsp;p\u0159estup na na\u0161i \u0161kolu &#8211; mlad\u0161\u00ed 18 let \u017d\u00e1dost o&nbsp;p\u0159estup na na\u0161i \u0161kolu &#8211; star\u0161\u00ed 18 let \u017d\u00e1dost o&nbsp;studium &#8211; mlad\u0161\u00ed 18 let \u017d\u00e1dost o&nbsp;studium &#8211; star\u0161\u00ed 18 let \u017d\u00e1dost o&nbsp;uvoln\u011bn\u00ed z&nbsp;v\u00fduky t\u011blesn\u00e9 v\u00fdchovy &#8211; mlad\u0161\u00ed 18 let \u017d\u00e1dost o&nbsp;uvoln\u011bn\u00ed z&nbsp;v\u00fduky t\u011blesn\u00e9 v\u00fdchovy &#8230; <a title=\"Dokumenty \u0161koly\" class=\"read-more\" href=\"https:\/\/www.gymhorice.cz\/?page_id=13229\" aria-label=\"\u010c\u00edst v\u00edce o Dokumenty \u0161koly\">p\u0159e\u010d\u00edst v\u0161e<\/a><\/p>\n","protected":false},"author":1,"featured_media":0,"parent":0,"menu_order":0,"comment_status":"closed","ping_status":"closed","template":"","meta":{"ngg_post_thumbnail":0,"footnotes":""},"class_list":["post-13229","page","type-page","status-publish"],"_links":{"self":[{"href":"https:\/\/www.gymhorice.cz\/index.php?rest_route=\/wp\/v2\/pages\/13229","targetHints":{"allow":["GET"]}}],"collection":[{"href":"https:\/\/www.gymhorice.cz\/index.php?rest_route=\/wp\/v2\/pages"}],"about":[{"href":"https:\/\/www.gymhorice.cz\/index.php?rest_route=\/wp\/v2\/types\/page"}],"author":[{"embeddable":true,"href":"https:\/\/www.gymhorice.cz\/index.php?rest_route=\/wp\/v2\/users\/1"}],"replies":[{"embeddable":true,"href":"https:\/\/www.gymhorice.cz\/index.php?rest_route=%2Fwp%2Fv2%2Fcomments&post=13229"}],"version-history":[{"count":41,"href":"https:\/\/www.gymhorice.cz\/index.php?rest_route=\/wp\/v2\/pages\/13229\/revisions"}],"predecessor-version":[{"id":19036,"href":"https:\/\/www.gymhorice.cz\/index.php?rest_route=\/wp\/v2\/pages\/13229\/revisions\/19036"}],"wp:attachment":[{"href":"https:\/\/www.gymhorice.cz\/index.php?rest_route=%2Fwp%2Fv2%2Fmedia&parent=13229"}],"curies":[{"name":"wp","href":"https:\/\/api.w.org\/{rel}","templated":true}]}}